e the prime factors of i(j)?
3
Suppose -2 = c - 2*x, c + 3 = 4*x - 3. List the prime factors of c.
2
What are the prime factors of ((-33)/(-1))/((-9)/(-24))?
2, 11
Suppose 5*c = 13 - 3. Suppose 0*b + c*b + 10 = 0. Let y = -1 - b. List the prime factors of y.
2
Suppose -g = 4*g - 70. Let x be g*1/(-4)*-2. Suppose 0 = -o - 5*p - 0*p - x, -3*o - p = -7. What are the prime factors of o?
3
Let h be 9/(-2)*(4 - 10). List the prime factors of (26/3)/(18/h).
13
Let y be -10*((-30)/(-4))/(-5). Suppose -3*i + y = -j, 3*j = -2*i - 2*i - 6. List the prime factors of j/(-9) + (-39)/(-9).
5
Let c = 589 + -311. List the prime factors of c.
2, 139
Suppose -k - 3 = -6. Suppose -k*q + 53 = 14. What are the prime factors of q?
13
Let o = -47 + 75. List the prime factors of o.
2, 7
Suppose -4*b - 8 = 2*d, -4*b - 11 - 5 = -2*d. Suppose 4*h = -5*o + 169, -3*o + 38 = -d*o + 5*h. Suppose -5*j + o = -42. List the prime factors of j.
3, 5
Suppose -2*l - 3 = -5*l. Let v = l + 4. List the prime factors of v.
5
Let n = -7 + 1. Let c = n - -31. List the prime factors of c.
5
Let i(c) = -c**3 - 4*c**2 + 2. Let j be i(-4). Let f(k) = 4*k + 2. Let y be f(j). Let g = y + -3. What are the prime factors of g?
7
Suppose -27 = -3*c + 18. Let h = c + 2. What are the prime factors of h?
17
Suppose -5*z = j - 29, j + 3*z = -0*j + 23. What are the prime factors of j?
2, 7
List the prime factors of ((-1)/2)/((-1)/66).
3, 11
Let j = -3 + 0. Let u be (j/(-5))/((-1)/(-5)). Suppose -1 = l - 5*y, u*l - 3*y = 2*l + 5. What are the prime factors of l?
2, 7
Let j(o) be the second derivative of o**2 - o + 0 + 1/2*o**3 + 1/3*o**4. What are the prime factors of j(-2)?
2, 3
Suppose -197 = -0*p - 5*p + 3*y, 3*p - 5*y - 115 = 0. What are the prime factors of p?
2, 5
Let c be 12/(-8)*8/(-6). Suppose 2 = c*y - y. Suppose y*o - 5*h - 1 - 7 = 0, -3*o + h = -12. What are the prime factors of o?
2
Let q = 72 + 2. List the prime factors of q.
2, 37
Suppose -4 = 4*x - 0. Let u be 30/(-9) - x/3. List the prime factors of ((-6)/u)/((-1)/(-4)).
2
Let o(y) be the second derivative of -9*y**5/20 - y**4/6 + y**2/2 - 2*y. List the prime factors of o(-1).
2
Suppose -15 = -0*r - r. Let i = r - -2. What are the prime factors of i?
17
Suppose 576 = 12*y - 480. What are the prime factors of y?
2, 11
Let z = -142 - -185. List the prime factors of z.
43
Let b(c) = 6*c**2 + 2*c. Let r be ((-3)/(-4))/((-3)/36). Let o be r/(-6)*(-8)/6. What are the prime factors of b(o)?
2, 5
Let y be (-17)/(-1) - (-8)/(-4). What are the prime factors of 208/10 + 3/y?
3, 7
Let x be (8/(-12))/((-2)/(-6)). Let h = 40 - x. List the prime factors of h.
2, 3, 7
Let k be 14/3 + 4/12. Let t = -4 + 5. Let o = k + t. What are the prime factors of o?
2, 3
Let a = 1 + -1. Let g = -31 + 26. Let v = a - g. What are the prime factors of v?
5
Let o = -20 - -24. List the prime factors of o.
2
Let u be (15/(-12) + 2)*-8. List the prime factors of (-3)/((-3)/u - 2).
2
Let s(k) = -15 - 3*k + 4*k + 13. What are the prime factors of s(9)?
7
Let l be 4/10*(-2 - -17). Let m = 4 - l. Let h(t) = -9*t - 3. What are the prime factors of h(m)?
3, 5
Suppose r - 10 = -p + 135, p + 4*r = 139. What are the prime factors of p?
3, 7
Suppose 0 = n - 1 - 2. Suppose -26 = -5*q - z, 4*q + n*z - 14 = -2. What are the prime factors of q?
2, 3
Let g be 2/(-7) + (-4)/(-14). Suppose 3*k - 15 = -g*k. Let m = 15 - k. List the prime factors of m.
2, 5
Let o(h) = -h + 2. Let u be o(-3). Let l(r) = 1 - 3 + 2*r - r. List the prime factors of l(u).
3
Suppose 38 = 5*a + 2*z, 5*z = -7*a + 3*a + 44. Suppose -28 = -2*x - 2. Let b = x - a. List the prime factors of b.
7
Let c = -3 - -8. What are the prime factors of c?
5
Suppose -l - l = -3*g - 5, l = g. Let o = l - -9. List the prime factors of o.
2
Suppose 80 + 10 = 2*d. What are the prime factors of d?
3, 5
Suppose -2*b - 16 - 24 = 0. Suppose -d + 13 = -18. Let i = d + b. What are the prime factors of i?
11
What are the prime factors of 243/(-36) - -7 - 3262/(-8)?
2, 3, 17
Let v = 56 - 33. List the prime factors of v.
23
Let f(u) = -u**2 - 9*u + 4. Let o be f(-9). Let d = 8 - o. Suppose 0 = -2*l + d*s + 42 + 2, -4*s = -3*l + 56. What are the prime factors of l?
2, 3
Let m(g) = g**3 + 4*g**2 - 3*g - 4. Let w be m(-4). Let v(d) = 2*d + 16. What are the prime factors of v(w)?
2
Let u be -3 + 3 - (0 - 4). Suppose 22 = u*i + 2*r, 2*r = -2 - 8. List the prime factors of i.
2
Let k(y) = y**3 - 7*y**2 + 4*y + 12. Let b be k(6). What are the prime factors of b - (-32 - (1 + 0))?
3, 11
Suppose -2 = -3*n + 16. Let d be ((-28)/n)/(2/(-9)). Suppose -x + d = 3*y, -4*y - 32 = 4*x - 92. What are the prime factors of x?
2, 3
Let h = 23 - -235. List the prime factors of h.
2, 3, 43
Let z be 4/6*(-6)/4. Let j be 1/(((-1)/z)/21). List the prime factors of (-6)/j - (-114)/7.
2
Suppose 6*c - c = 10. Suppose -v + 3 = 0, -c*y + 2*v - 20 = -2*v. Let j(p) = p**3 + 4*p**2 - 2*p - 2. List the prime factors of j(y).
2, 3
Let q = 35 - 20. What are the prime factors of q?
3, 5
Suppose 3*n = 4*i + 1, 0 + 4 = -2*n - 2*i. What are the prime factors of -2 - (-2 + n + -1)?
2
List the prime factors of 2*6*264/32.
3, 11
Let t(r) = -r**3 - 7*r**2 + 9*r + 4. Let m be t(-8). List the prime factors of (-2)/(m/(-14))*-1.
7
Suppose 4*u = u + 297. Suppose -26 = -5*t + u. What are the prime factors of t?
5
Suppose -5*h - 5*l = -25, 2*h - 9 = -l - 0*l. Let n be h/2*(-63)/2. What are the prime factors of 16/(-6)*n/12?
2, 7
Let y(r) = -r**2 - 6*r - 2. Let c be y(-4). Let i = -5 + c. List the prime factors of 10 + 0/(-3) + i.
11
Let l(z) = -z**3 - 7*z**2 - z - 5. Let s be l(-7). Let k = 8 + s. What are the prime factors of k?
2, 5
Let x(o) = 25*o - 21. Let g(w) = 5*w - 4. Let n(c) = -11*g(c) + 2*x(c). Let t be n(3). Let l = t + 27. What are the prime factors of l?
2, 7
Let z(r) = r**2 - 5*r - 5. Suppose -x - 13 = -4*q, 0 = q + 3*x + 5 + 8. Suppose 4*o = -5*j - 0*o + 51, -2*j = -3*o - q. List the prime factors of z(j).
3
Suppose -3*k + 3*r = -2*k - 84, -291 = -4*k + 3*r. List the prime factors of k.
3, 23
Let r be -3 + (3 - -1) + 3. Suppose -4*n - 3*h + 17 = 0, -h = -r*n + 2*h + 23. What are the prime factors of n?
5
Let p(l) = 2*l + 1. Let o be p(2). Let k(y) = -y**2 + 6*y - 1. Let b be k(5). Suppose 11 = -t + b*r, -3*t + o*r = -2*t + 16. List the prime factors of t.
3
List the prime factors of 61/(14/(-4) - -4).
2, 61
Suppose -2*d + 3*r = -69, 2*d + r - 6*r - 59 = 0. List the prime factors of d.
2, 3, 7
Let z be 2 + 2 + (-2)/(-1). Let s = 8 - z. Suppose s*m + 3 = 15. List the prime factors of m.
2, 3
Let x be (32/(-48))/(3/((-90)/4)). Let f = 1 - 1. Let u = f + x. List the prime factors of u.
5
Suppose 5*w + 4 = -3*y + y, -5*y + 2*w + 48 = 0. Let b = -3 + y. Suppose b*s = u + 38, -31 = -4*s - u + 2*u. List the prime factors of s.
7
Suppose 7*j = -4*n + 4*j - 206, n - 4*j + 61 = 0. What are the prime factors of n/(-5) - 15/25?
2, 5
Suppose -p + 2*z - 2 = -8, -4*p + 11 = 5*z. Suppose 0*i = -2*i + p. What are the prime factors of i?
2
Suppose 7 = v - 23. List the prime factors of v.
2, 3, 5
Let c = 17 - 5. List the prime factors of c.
2, 3
Let f be -7 + (-1 - (3 - 6)). Let x be (6/(-8))/((-1)/(-16)). What are the prime factors of (-53)/f + x/(-30)?
11
Let k(g) = -2*g**3 - 2*g**2 + 3*g - 2. Let a be k(-3). What are the prime factors of (-2)/10 - (-480)/a?
19
Suppose -2*o + 8 = 2*o. Let x be 1 + (0 + 0)/o. Suppose -2*n - b + 7 - x = 0, 0 = -2*n + 3*b + 6. What are the prime factors of n?
3
Let t be 1 - (-1)/2*4. List the prime factors of 0 + (t - (-2 - -2)).
3
Let l(p) = -5*p - 3. Suppose 2*g = 4*q - 22, -2*g - 13 = q - 2*q. What are the prime factors of l(g)?
2, 11
Let h(k) = -k**3 + 7*k**2 + 3*k - 6. What are the prime factors of h(7)?
3, 5
Suppose -5 = 5*y, 0 = 5*g - y - 71 - 50. Let a be g + -3 + 2 + -1. Suppose -13 = -5*s + a. List the prime factors of s.
7
Let b = -14 + 5. Let i = 0 - b. List the prime factors of i.
3
Suppose b + 25 + 5 = 0. List the prime factors of (b/25)/((-2)/25).
3, 5
Let w = -303 + 436. What are the prime factors of w?
7, 19
Suppose -8*w + 15*w = 903. List the prime factors of w.
3, 43
Let a(b) = -b**3 + 2*b**2 + 2*b - 1. Let x be a(3). Let h = x + 16. What are the prime factors of h?
2, 3
Let x = 21 - 5. List the prime factors of x.
2
Let f be 3 - -2*(-6)/(-4)